9
In base 2, what is -11101111110110001101 - 11010111?
-11101111111001100100
In base 7, what is 10 + 16222035?
16222045
In base 8, what is -11302 + 5555?
-3525
In base 12, what is 4 + -13954aa?
-13954a6
In base 5, what is -313001221224 + 10?
-313001221214
In base 11, what is 9507a5 - -6?
950800
In base 8, what is -32756665 + 115?
-32756550
In base 6, what is 314324 - -122034?
440402
In base 15, what is -5457 + -95e?
-5db6
In base 10, what is -500 - 256081?
-256581
In base 11, what is -186a7226 - 0?
-186a7226
In base 2, what is -1001001010 - 1111011000011111?
-1111100001101001
In base 4, what is -23010232133 - -33?
-23010232100
In base 13, what is 2580 - 10b8?
1495
In base 3, what is -11101102111101 - 21?
-11101102111122
In base 10, what is 632778399 - 5?
632778394
In base 16, what is 29d + e534?
e7d1
In base 11, what is -84 + 151414?
151340
In base 2, what is -101001011011100110 - 101111001?
-101001100001011111
In base 7, what is 513142 + 10156?
523331
In base 4, what is -1330320 - 211002323?
-212333303
In base 10, what is 284052522 - 5?
284052517
In base 7, what is -6141 + -24431?
-33602
In base 12, what is 11b + 1399b1?
139b10
In base 3, what is 220211 + 1001011202?
1002002120
In base 3, what is 201 + 210200000122101?
210200000200002
In base 7, what is 233 + -2123221?
-2122655
In base 4, what is 12322013132 + 11?
12322013203
In base 12, what is 1709b56 + 7?
1709b61
In base 16, what is 2d64 - -6c?
2dd0
In base 16, what is 36f9e + -5?
36f99
In base 2, what is 1100110110 - -1011000010111?
1100101001101
In base 9, what is 102 + -40383?
-40281
In base 10, what is 8603 - -12974?
21577
In base 15, what is -1622d7 + -9?
-1622e1
In base 2, what is -110010000001 + 1101110110111?
111100110110
In base 2, what is -110111110101110 - -1101101010?
-110110001000100
In base 6, what is -323 - 455444?
-500211
In base 4, what is -1021112000111 + -1?
-1021112000112
In base 11, what is -48 - -605503a?
6054aa2
In base 16, what is -3ad29 - 48c?
-3b1b5
In base 2, what is 101110001000 + -101001001001?
100111111
In base 10, what is -49391 - -4201?
-45190
In base 10, what is 4949 - -1383?
6332
In base 5, what is -24143302 + -2130?
-24200432
In base 10, what is -1037 + -1578?
-2615
In base 14, what is -d5da5 - 4?
-d5da9
In base 8, what is -1 + -1300401?
-1300402
In base 11, what is -1 + -237a67a6?
-237a67a7
In base 8, what is -25 + -74765677?
-74765724
In base 11, what is -18665 + -1081?
-19736
In base 12, what is a6a5a + 4?
a6a62
In base 13, what is -325362b - -3?
-3253628
In base 8, what is 5103 + -101?
5002
In base 12, what is -19 + 2524a7?
25248a
In base 15, what is -8da02 + 34?
-8d9bd
In base 16, what is 11dd - -658?
1835
In base 12, what is 5368 + 834?
5ba0
In base 5, what is 1341412 + 3?
1341420
In base 12, what is a93195 - -21?
a931b6
In base 10, what is 12676024 + -12?
12676012
In base 11, what is 17 - 2a80a?
-2a7a3
In base 6, what is 2221111 + 1545?
2223100
In base 14, what is 617544 - 1a?
617528
In base 6, what is 52101 + -23301?
24400
In base 12, what is 2110b - -80?
2118b
In base 12, what is 15b43783a - -1?
15b43783b
In base 10, what is -11 - -39956952?
39956941
In base 10, what is 882 + 62683?
63565
In base 7, what is -446 + -141402?
-142151
In base 5, what is -41214233114 - 4?
-41214233123
In base 13, what is b - -36cc33?
36cc41
In base 6, what is -23112205034 - -2?
-23112205032
In base 13, what is 632034 - 1?
632033
In base 7, what is 40343522 - -6?
40343531
In base 5, what is -31033041 + -2314?
-31040410
In base 4, what is -3321100003 - 103201?
-3321203210
In base 4, what is 2 - -2230100323222?
2230100323230
In base 11, what is -12157190 - -2?
-12157189
In base 8, what is 14101 - 32367?
-16266
In base 6, what is -520234 + 2022?
-514212
In base 2, what is -10010 + -1000000000001111110110110?
-1000000000001111111001000
In base 13, what is 3 - c29527?
-c29524
In base 7, what is -62 - -13002?
12610
In base 11, what is -15963 - 49306?
-64169
In base 11, what is -109 + 3911566?
3911458
In base 14, what is a5 + -2dd252?
-2dd18b
In base 3, what is 100010000 + 21010102?
121020102
In base 9, what is 554122 - 2?
554120
In base 5, what is 1 + 11441021113?
11441021114
In base 2, what is 110011011001110100011 + 100000011?
110011011010010100110
In base 8, what is 27376 - 233?
27143
In base 3, what is 120111110110 - -1011?
120111111121
In base 8, what is -150377177 - 4?
-150377203
In base 2, what is 101 + 1001011010000110001001?
1001011010000110001110
In base 2, what is -10011101101010 + 11000000100?
-10000101100110
In base 7, what is 0 - 232514361?
-232514361
In base 7, what is -1252224440 - -4?
-1252224433
In base 16, what is 11 + ba417?
ba428
In base 8, what is -264 + 656641?
656355
In base 5, what is -41002431402 - 1?
-41002431403
In base 5, what is -33 + 3242234?
3242201
In base 10, what is -5214617 - -7?
-5214610
In base 2, what is 1000011011 - 11111011011000011?
-11111010010101000
In base 3, what is 220110102202211 + -2?
220110102202202
In base 5, what is 42 - 443201?
-443104
In base 16, what is -4 - -26d35?
26d31
In base 11, what is 563a3753 + 1?
563a3754
In base 12, what is -48b + 6662?
6193
In base 6, what is 12302 + -3120551?
-3104245
In base 13, what is -3 - 19aa54?
-19aa57
In base 12, what is -11930 + -27?
-11957
In base 11, what is -81 - 3539748?
-3539819
In base 2, what is -101 + -10101000010010111110100110?
-10101000010010111110101011
In base 16, what is 4 - -22d10c?
22d110
In base 10, what is -1 - -135625412?
135625411
In base 10, what is 88 + 53773?
53861
In base 11, what is 18400 - a52?
17459
In base 3, what is -1011000 - 1201221002?
-1210002002
In base 7, what is 1 + -10616046?
-10616045
In base 13, what is 1645 + -1b95?
-550
In base 11, what is -157 + -601a8?
-60354
In base 2, what is 110100110010010011000100 + -111?
110100110010010010111101
In base 11, what is -1a30 + -31?
-1a61
In base 13, what is 3 - 14a9744?
-14a9741
In base 12, what is 23212 + -84?
2314a
In base 2, what is -111110011100010101 - 110110011?
-111110100011001000
In base 8, what is -245 - 21153?
-21420
In base 12, what is -6908b4b + 8?
-6908b43
In base 12, what is -5aa933a - -7?
-5aa9333
In base 3, what is -20011201 + 10111221?
-2122210
In base 10, what is 14313701 - 4?
14313697
In base 4, what is 13 + 13313330013?
13313330032
In base 6, what is -5531 - 1550113?
-2000044
In base 7, what is -155 - 20634?
-21122
In base 14, what is 783 + -3b78?
-33d5
In base 2, what is -10001100010100101 - 10101110110000?
-10100010001010101
In base 7, what is -41 - 4312231?
-4312302
In base 11, what is 15704 + -3a43?
11771
In base 2, what is 11 + 100100110000110010001101110?
100100110000110010001110001
In base 15, what is -2ee574 + 6?
-2ee56d
In base 12, what is -1211 - 17a01?
-19012
In base 2, what is -1011011110 - 11001111010011?
-11011010110001
In base 12, what is 4 + -8b9a8a?
-8b9a86
In base 13, what is 88 + -52a02?
-52947
In base 14, what is -35b + -25237?
-25594
In base 9, what is -55 - 72145?
-72211
In base 16, what is -a + 1c5689?
1c567f
In base 11, what is 2 - -3a9988?
3a998a
In base 13, what is -18c4 + b293?
969c
In base 5, what is 131321044 + -10?
131321034
In base 7, what is 1022255 + 1412?
1024000
In base 14, what is 0 - c8a849?
-c8a849
In base 16, what is 2d + -7d012?
-7cfe5
In base 12, what is 4 + 1b78667?
1b7866b
In base 8, what is -1016 + 516370?
515352
In base 6, what is 12 - -23253122?
23253134
In base 14, what is -1d8295 + 9?
-1d828a
In base 14, what is 5cc8b + 8?
5cc95
In base 12, what is 63583 - 2?
63581
In base 16, what is 160a20 - 1c?
160a04
In base 10, what is 5396 + 52811?
58207
In base 3, what is 11 - 1110221210202?
-1110221210121
In base 8, what is 0 - 2713003?
-2713003
In base 9, what is -10562108 - 46?
-10562155
In base 8, what is -15732 + -501?
-16433
In base 11, what is -1227234a + -4?
-12272353
In base 7, what is 1 - 251345451?
-251345450
In base 11, what is 99001 - 6200?
92901
In base 5, what is 23200134211 + 3?
23200134214
In base 4, what is 2303100 - 13001?
2230033
In base 7, what is -150422 + -14040?
-164462
In base 16, what is 6e8d - 7e?
6e0f
In base 7, what is -1444345 - -443?
-1443602
In base 12, what is -2a486661 + 4?
-2a486659
In base 14, what is cc0 + -29cb5?
-28dd5
In base 10, what is 46380405 - 8?
46380397
In base 8, what is -145557 + 2451?
-143106
In 